f z?
2, 79, 83
Suppose f + 5*r = 25, 3*r + 54 = -3*f + 7*f. Let i(o) = 11 - 2*o**2 - o**3 - 23 + 14*o + f + 4. List the prime factors of i(-5).
2, 3
Suppose 5*o + 442 = -w, 0 = -4*w + 3*o - 8*o - 1738. Let s(i) = -22*i**2 - 85*i + 10. Let j be s(-4). What are the prime factors of w/8*5/j?
3, 5
Let t = 82 - 72. List the prime factors of (24 - t)*((-3)/3)/(-1).
2, 7
Let d(f) be the first derivative of 2*f**3/3 - f**2 + 36*f - 15. What are the prime factors of d(15)?
2, 3, 19
Let c be 28 + (-13)/65*0/2. Let m(u) = -2*u**2 + 75*u + 35. What are the prime factors of m(c)?
3, 7
Let b = -49 - -52. Suppose -3*q + x + 18 = 0, -5*q - x = -b*q - 17. Suppose 3*a - q*a + 356 = 0. What are the prime factors of a?
89
Let c = 6336 + -2752. List the prime factors of c.
2, 7
Let m(z) = 5*z**3 - 31*z**2 - 47*z + 334. List the prime factors of m(23).
3, 14563
Let k(u) be the first derivative of 9*u**2 + 83*u - 48. What are the prime factors of k(24)?
5, 103
Suppose 41 = 7*u + 6. Suppose -j + 2*m + 1312 = 0, -m - 2414 = -u*j + 4146. What are the prime factors of j?
2, 41
Let h = -167 - -177. Let q = h + 281. What are the prime factors of q?
3, 97
Suppose -17*d + 51 + 17 = 0. Suppose -738 = -4*z + 2*z - 2*s, z + d*s - 384 = 0. List the prime factors of z.
2, 7, 13
List the prime factors of 310/(-217) + (-5701)/(-7).
3, 271
Suppose 0 = 5*k - 3*i - 4844, 3*k - 4*i - 2913 = -0*i. Suppose -b + k = 2*z + 225, 4*z + 3*b - 1486 = 0. Suppose -7*j - z = -17*j. List the prime factors of j.
37
Let g(c) be the second derivative of -25*c**3/6 + c**2/2 + c. Let n(b) = 18*b - 94. Let u be n(5). What are the prime factors of g(u)?
101
Suppose -8*q + 14*q = 42. Suppose -20 = -q*c + 15. Suppose -o = j - 255, 0*o + c*j + 503 = 2*o. What are the prime factors of o?
2, 127
Let w(s) = 4*s**2 - 5*s + 11. Let o = 49 + -45. Suppose 12*n - o*n - 40 = 0. What are the prime factors of w(n)?
2, 43
Suppose -596 - 320 = -g. Suppose 3*o = -5*m + g, o + 2*m = -2*o + 928. Suppose 0 = 4*q - o - 388. List the prime factors of q.
5, 7
Let d = 12915 + -7653. List the prime factors of d.
2, 3, 877
Let f = 26970 + -16847. What are the prime factors of f?
53, 191
Suppose -3*s = 24, 7*s - 24773 = -3*o + 116648. List the prime factors of o.
7, 6737
Suppose -196*s + 208*s - 100236 = 0. What are the prime factors of s?
8353
Let g(u) = 548*u**2 + 252*u + 2. List the prime factors of g(6).
2, 13, 19, 43
Suppose -k - 4*q = -141, 3*q = -3*k + 2*k + 144. Let b(o) = 8*o - 6. Let j be b(4). Let g = k - j. List the prime factors of g.
127
Suppose -u = 4*o - 339, 3*u - 329 = -3*o - o. Let b = o - -134. List the prime factors of b.
2, 5, 11
Let r(q) = -q**3 + 44*q**2 - 34*q - 272. List the prime factors of r(41).
11, 307
Let g be ((-2)/(-2))/(3/(33/1)). Let o(h) = -h**3 + 11*h**2 + 7*h + 14. Let v be o(g). Suppose -4*w = -3*w - v. What are the prime factors of w?
7, 13
Let v(n) = 528*n - 13. Let p be v(8). Let c = -2990 + p. List the prime factors of c.
3, 11, 37
Suppose -p = 9*p - 180. Suppose 6*t - 24 - p = 0. Suppose 0 = -t*u + 12*u - 370. List the prime factors of u.
2, 37
Let u(i) = -i**2 + 4 - 5*i + 15 + 19*i. Let v be u(15). Suppose -k + 428 = v*d - 183, -5*k = -d + 179. What are the prime factors of d?
2, 7, 11
Suppose -5*u + 17 = m, 0 = m + 5*u - 10*u + 13. Suppose -m*p = 4*k - 2366, k - 6*k + 2980 = -2*p. Suppose 5*j = 2*j + k. What are the prime factors of j?
2, 3, 11
Let b(l) = 2409*l - 302. What are the prime factors of b(4)?
2, 13, 359
Let w = 454 + 53. Let h be w/91 - 3/(-7). List the prime factors of (-11 + h + -4)/((-1)/13).
3, 13
Suppose 3*o - t - 5 = 0, -4*t - 14 = -5*o + 6. Suppose -3*f + k + 0*k - 33 = o, -3*k = 4*f + 31. Let c = 21 - f. List the prime factors of c.
31
Let w(u) be the first derivative of -u**4/4 - 3*u**3 - u**2 - 12*u + 2. Let r be w(-9). Suppose 2*m = -r*m + 80. List the prime factors of m.
2, 5
Let p(s) = 17*s**2 + 22*s + 3. Let d be (11/4 - (-72)/(-96)) + -8. What are the prime factors of p(d)?
3, 7, 23
Let q(v) = 754*v**2 + 2*v. Let c be q(-2). Suppose 3*b + c = 4*z, 5*b = 3*z - 5*z + 1532. What are the prime factors of z?
2, 3, 7
Suppose -6*o + 3*g + 49 = -11*o, 0 = -3*o - 4*g - 25. Let x(z) = -5 - 17 + 6*z + 0*z + z + z**2. List the prime factors of x(o).
2, 11
Let q(a) = a**2 - 9*a + 4. Let h be q(10). Suppose b + b - h = 0. Suppose b*i - 342 = 4*i. What are the prime factors of i?
2, 3, 19
Let a = -2896 - -4234. List the prime factors of a/4*(704/(-24))/(-11).
2, 223
Let x be 4 - (6/(-9))/((-2)/(-153)). What are the prime factors of (7 - (3 + -7))*x?
5, 11
Let n(k) = -k**3 - 7*k**2 - 6*k + 3. Let f be n(-6). Suppose 0*h - f*u = h - 504, -2620 = -5*h + 5*u. List the prime factors of h.
3, 173
Let j(a) = 253*a**2 + 303*a - 8. What are the prime factors of j(11)?
2, 71, 239
Let y(b) = -5*b**3 + 12*b**2 + 62*b + 1. Let o(d) = d**3 - d. Let r(q) = -6*o(q) - y(q). What are the prime factors of r(-6)?
7, 17
Suppose -2*q - 3470 = -12*q. Suppose 4*a - 37 = q. Let y = a + -49. List the prime factors of y.
47
Let m be 0/(-1*(-3)/(-3)). Suppose 15 = -5*u, m = 5*t - u + 2*u - 2352. List the prime factors of t.
3, 157
Let s = 5314 + -1338. Suppose -9*w + s = -38. List the prime factors of w.
2, 223
Suppose 0 = 25*d - 162*d - 108851 + 582186. What are the prime factors of d?
5, 691
Let z(c) = 2322*c - 1822. List the prime factors of z(10).
2, 13, 823
Let z(h) = h**3 + 8*h**2 - 2*h + 71. Let n be z(-9). What are the prime factors of n + 1153 + (0 - -8)?
7, 167
Let t be ((-1)/((-4)/16))/((-4)/(-62)). Let q be t/(-4) + (-6)/(-12). List the prime factors of (-18)/(-45) - (2 - (-189)/q).
11
Let g(r) = -r + 29. Let o(v) = v. Let f(u) = -28*u + 581. Let q(y) = -f(y) - 7*o(y). Let z(l) = 119*g(l) + 6*q(l). What are the prime factors of z(14)?
3, 7
Let r = -41 + 53. Let o(i) = i**3 - 12*i**2 + i - 10. Let h be o(r). Suppose -k + 113 = -4*j, -2*k - h*k = j - 486. What are the prime factors of k?
11
Suppose -206 = 2*u - 22. Let h = u + 88. List the prime factors of 4*h/(-16) + 185.
2, 3, 31
Let a = -12753 + 18302. List the prime factors of a.
31, 179
Suppose -18*l - 36*l + 1146684 = 65*l. What are the prime factors of l?
2, 3, 11, 73
Suppose 847*j - 848*j - 2*c + 44205 = 0, -3*j - 3*c + 132612 = 0. List the prime factors of j.
44203
Let w(a) = 27*a**2 + 3*a + 12. Let d = -72 + 68. What are the prime factors of w(d)?
2, 3
Let k = -47 + 50. Let h(o) = 0*o + k*o - 7 - 11 - 8 + 3*o**2. List the prime factors of h(-7).
2, 5
Suppose -x = 12*x - 78. Suppose x*t + 8*t - 3948 = 0. What are the prime factors of t?
2, 3, 47
Suppose -16*g + 25441 = -7*g + 4*g. List the prime factors of g.
19, 103
Let k(f) = 239*f + 1. Let z be k(1). Let p = -99 + z. List the prime factors of p.
3, 47
Suppose -7 = 2*r - 1. Let f = 743 - 854. Let y = r - f. List the prime factors of y.
2, 3
Let m(j) be the second derivative of 2*j**5/5 - j**4/12 - 5*j**3/6 - j**2/2 + 15*j. Let u be m(3). Let b = -33 + u. List the prime factors of b.
2, 79
Let v = 6929 + -1281. What are the prime factors of v?
2, 353
Suppose -13*o + 19*o - 91290 = 0. List the prime factors of o.
5, 17, 179
List the prime factors of (-12117140)/(-1015) + 10/(-145).
2, 47, 127
Suppose -80*t + 49*t = -170128. What are the prime factors of t?
2, 7
Suppose 7*t - 399 = 4*t. Let j = t - 81. What are the prime factors of j?
2, 13
Suppose -3*a + 62324 = 2*r - 39554, 5*r + 5*a = 254680. What are the prime factors of r?
2, 5, 11, 463
Let o(r) = -r**3 - 56*r**2 + 136*r - 594. List the prime factors of o(-63).
3, 2069
Let p be -8 + 20 - (-1 + 6). List the prime factors of 1*p/7 + 727.
2, 7, 13
Let f(t) be the first derivative of -t**4/4 + t**3 + t**2/2 - 13*t + 19. Let r be f(-6). Suppose -4*h = h - r. List the prime factors of h.
61
Let p(i) = -i**2 + 10*i - 26. Let o be p(7). List the prime factors of (27 - 2)*-27*4/o.
2, 3, 5
Let c = 8628 + -4795. Suppose -20*a = -c - 2427. What are the prime factors of a?
313
Suppose 3*h = h + 8. Suppose -4*s + 2*d + 56 = -36, 0 = h*d. List the prime factors of (s/2)/((-60)/(-56) + -1).
7, 23
Suppose 0 = 81*r - 1756885 - 1107389 - 2581761. List the prime factors of r.
5, 7, 17, 113
Suppose 2*g = 2*f + 6, 4*f + 79*g - 77*g = -30. Let v(i) = -2*i**3 + i**2 - 29*i. What are the prime factors of v(f)?
2, 3, 107
Suppose -13 + 323 = 31*z. S